20 + -20121?
-20101
In base 11, what is -9 - 12?
-20
In base 8, what is -45 - -16?
-27
In base 9, what is 77 - -1?
78
In base 3, what is 1000202 - 21?
1000111
In base 8, what is 274 - 6?
266
In base 15, what is -ce + 5?
-c9
In base 12, what is 30 + 116?
146
In base 12, what is -4 - -16?
12
In base 12, what is 9 + -14b?
-142
In base 2, what is 0 - 110100000?
-110100000
In base 14, what is 2 + 9?
b
In base 5, what is 21020 + -10?
21010
In base 8, what is -4 + -161?
-165
In base 8, what is -465 - -4?
-461
In base 12, what is -3 + -80?
-83
In base 6, what is 42 + 10?
52
In base 8, what is 70 - 50?
20
In base 2, what is -1110100 + 10?
-1110010
In base 7, what is -13 - -1444?
1431
In base 6, what is 1 - -2133?
2134
In base 9, what is 23 - 261?
-237
In base 9, what is -6 - -170?
163
In base 3, what is 0 - -2?
2
In base 11, what is 17 + -514?
-4a8
In base 13, what is 79 - -18?
94
In base 9, what is 4660 + -8?
4651
In base 11, what is -3 - -294?
291
In base 14, what is 3 + -279?
-276
In base 10, what is 25 - 71?
-46
In base 2, what is -1010010000 + 10110?
-1001111010
In base 5, what is 23 + 41?
114
In base 16, what is 1e7f + -4?
1e7b
In base 16, what is -122 + 5?
-11d
In base 11, what is 5a1 - -3?
5a4
In base 5, what is 2314 - -44?
2413
In base 7, what is 1311 + -4?
1304
In base 5, what is 4 - -1400?
1404
In base 2, what is -1000110111111 + 10?
-1000110111101
In base 8, what is -33 + 33?
0
In base 8, what is -55 - 3?
-60
In base 3, what is 122202 - -10?
122212
In base 11, what is 145 + -13?
132
In base 10, what is 1292 + 4?
1296
In base 3, what is 120021 + -1?
120020
In base 7, what is 10 - 15?
-5
In base 5, what is -31 - -1423?
1342
In base 10, what is 1086 - -1?
1087
In base 5, what is 20132 + 0?
20132
In base 3, what is 2 - -10021001?
10021010
In base 13, what is 29c + 3?
2a2
In base 14, what is -a4 + -1?
-a5
In base 5, what is 10 - 14001?
-13441
In base 5, what is -13 + 42?
24
In base 2, what is -101 + 1011110?
1011001
In base 10, what is -5 + -2485?
-2490
In base 16, what is -1e1 + 10?
-1d1
In base 10, what is -66 - 30?
-96
In base 4, what is -22 + 1100?
1012
In base 11, what is -71 - -2?
-6a
In base 11, what is 2 - -2296?
2298
In base 8, what is -175 + -21?
-216
In base 13, what is 2 + -156?
-154
In base 12, what is 3 - -127?
12a
In base 5, what is -1334 + 3?
-1331
In base 5, what is -142 - -1124?
432
In base 9, what is 6 - -287?
304
In base 9, what is 12 + 22?
34
In base 8, what is 5 + 3572?
3577
In base 2, what is -101 - 11001101000?
-11001101101
In base 7, what is -5 - -50?
42
In base 6, what is -43354 - -4?
-43350
In base 15, what is -3 - 43?
-46
In base 4, what is 102 + -301?
-133
In base 16, what is -42 + 2?
-40
In base 9, what is 781 + 20?
811
In base 14, what is -3 + -97?
-9a
In base 9, what is -5 + -122?
-127
In base 11, what is 19 + -45?
-27
In base 3, what is 10211 + -102?
10102
In base 10, what is -3733 + 0?
-3733
In base 3, what is -210 + 1002?
22
In base 15, what is 3b6 - 4?
3b2
In base 16, what is 30c - 0?
30c
In base 15, what is 4 + -53?
-4e
In base 13, what is 2 + -18a3?
-18a1
In base 15, what is -6b + -76?
-e2
In base 10, what is -4 + -118?
-122
In base 9, what is 3 + 45?
48
In base 2, what is -1000000001 - 11?
-1000000100
In base 3, what is 1020 - 102?
211
In base 10, what is 4 - 297?
-293
In base 4, what is 21130 - 11?
21113
In base 16, what is -176b + 3?
-1768
In base 13, what is 90 - 15?
78
In base 10, what is 32 - -5?
37
In base 8, what is -2571 - -1?
-2570
In base 5, what is -402134 - -10?
-402124
In base 5, what is 43 - 11?
32
In base 7, what is -225 - -1?
-224
In base 14, what is -5 - ba3?
-ba8
In base 7, what is -5 - -1305?
1300
In base 5, what is -2103 - -3?
-2100
In base 7, what is 5 - 330?
-322
In base 11, what is -22 - 37?
-59
In base 10, what is -62 + -3?
-65
In base 4, what is 11 - 330?
-313
In base 8, what is -1 + -255?
-256
In base 11, what is 4 + 29?
32
In base 12, what is 6 + -b5?
-ab
In base 12, what is -bb - -1?
-ba
In base 5, what is -20204 - 0?
-20204
In base 6, what is 212 - -14?
230
In base 2, what is -10001110 + -11001100?
-101011010
In base 15, what is -a - -6?
-4
In base 14, what is -10 + -21?
-31
In base 6, what is -15043 + -30?
-15113
In base 9, what is -13004 + -4?
-13008
In base 16, what is 33 - 38?
-5
In base 5, what is -10041 + 10?
-10031
In base 7, what is 1050 - -56?
1136
In base 6, what is 131 + 5?
140
In base 13, what is -33 - 5?
-38
In base 9, what is -1342 - 2?
-1344
In base 11, what is 3849 - -2?
3850
In base 7, what is -142 + -2?
-144
In base 12, what is 1080 - 9?
1073
In base 12, what is -1 - -8?
7
In base 12, what is 905 - 3?
902
In base 4, what is 1202 - 1203?
-1
In base 15, what is 2 - -797?
799
In base 4, what is -2 - -3121?
3113
In base 12, what is -7 + -106?
-111
In base 11, what is 119 - 0?
119
In base 4, what is 13 + 32?
111
In base 13, what is -2b + -7?
-35
In base 7, what is 146 + 0?
146
In base 15, what is 8eb - -4?
900
In base 2, what is 110100010001 - 1?
110100010000
In base 6, what is -250 + 2?
-244
In base 7, what is 11523 - -3?
11526
In base 16, what is 3 - 2?
1
In base 5, what is -24332 - -20?
-24312
In base 5, what is 14433 + -10?
14423
In base 10, what is -11 + -3?
-14
In base 15, what is -5 + 3e?
39
In base 12, what is 119 - 3?
116
In base 4, what is -1001120 - 10?
-1001130
In base 2, what is -11 - 111000?
-111011
In base 13, what is 4 - -20?
24
In base 13, what is 18 + 0?
18
In base 16, what is -2 + -9d?
-9f
In base 8, what is 2 - 50?
-46
In base 6, what is -5 - 322?
-331
In base 12, what is -191 + -3?
-194
In base 16, what is 4 + 1d?
21
In base 9, what is 234 + 4?
238
In base 5, what is 441 + 1?
442
In base 6, what is -2 - 20?
-22
In base 9, what is -42 - 35?
-77
In base 14, what is -2 + -17?
-19
In base 9, what is 127 + 11?
138
In base 11, what is -3 - -35a9?
35a6
In base 9, what is 2 - -257?
260
In base 16, what is -db + -b?
-e6
In base 3, what is -22221 - -2?
-22212
In base 8, what is -2 + -33?
-35
In base 6, what is -30 - -34?
4
In base 13, what is 1146 + 5?
114b
In base 2, what is 110001 - -101?
110110
In base 12, what is -313 - 2?
-315
In base 11, what is 13a - 5?
135
In base 13, what is -49 - 180?
-1c9
In base 2, what is -100 + -1110?
-10010
In base 15, what is 2 - -2d?
30
In base 4, what is 10 + -3112?
-3102
In base 13, what is 0 - 4c?
-4c
In base 8, what is -205 + 5?
-200
In base 5, what is -20 - -24?
4
In base 6, what is 0 - -5205?
5205
In base 3, what is -1100 + 1120?
20
In base 15, what is 262 - 4?
25d
In base 16, what is 8 + 2a?
32
In base 4, what is 2 - 232?
-230
In base 8, what is -4 + 62?
56
In base 16, what is 5 + 528?
52d
In base 11, what is -65 - 20?
-85
In base 3, what is -121001 - -111?
-120120
In base 6, what is -1 + -3340?
-3341
In base 2, what is 10 - -110000001110?
110000010000
In base 14, what is 2b + 12?
3d
In base 9, what is 342 + 1?
343
In base 15, what is 3 - -a7?
aa
In base 13, what is b3 - 1a?
96
In base 11, what is 7 + 31?
38
In base 5, what is -2 - 2134?
-2141
In base 6, what is 3 - 552?
-545
In base 4, what is -13331 + 11?
-13320
In base 9, what is 5 - -2306?
2312
In base 2, what is 1001010011101 + -10?
1001010011011
In base 9, what is -3 + -483?
-486
In base 9, what is 4 + 2?
6
In base 9, what is 676 - -1?
677
In base 13, what is 63 - 23?
40
In base 5, what is -2 - -10221?
10214
In base 9, what is 3 - 1074?
-1071
In base 16, what is 3 - 21?
-1e
In base 8, what is 11724 - 3?
11721
In base 5, what is 4 + -23133?
-23124
In base 13, what is 165 - 2?
163
In base 8, what is -7 + 65?
56
In base 5, what is 3 + -200?
-142
In base 8, what is -1 + -2177?
-2200
In base 13, what is -1691 - 3?
-1694
In base 10, what is -8 - -300?
292
In base 11, what is 483 + 11?
494
In base 3, what is 102200 + 2?
102202
In base 16, what is -194d + -5?
-1952
In base 8, what is 4 - 315?
-311
In base 16, what is 11 - -4?
15
In base 12, what is 4 - 521?
-519
In base 2, what is 10 - -1000000000?
1000000010
In base 5, what is 20 + -100?
-30
In base 5, what is -31210 - -1?
-31204
In base 8, what is 501 + 43?
544
In base 4, what is 313 - -11?
330
In base 7, what is 2 - 3133?
-3131
In base 11, what is -12 + 40?
29
In base 6, what is -5 - 125?
-134
In base 7, what is -3 + -511?
-514
In base 3, what is -110 - 102210?
-110020
In base 9, what is 0 - -4?
4
In base 15,